 0. Let y(u) = -u**2 + 8*u - 4. Calculate y(j).
8
Let k(p) = 2*p**3 - 12*p**2 - 3*p + 1. Let m = 100 + -230. Let s = -133 - m. Let g(l) = l**3 - 11*l**2 - 2*l + 1. Let w(y) = s*g(y) + 2*k(y). Determine w(-9).
-1
Let s(w) = 1840*w + 3 - 650*w - 1 - 602*w - 632*w. Determine s(2).
-86
Let t(s) = -5*s - 2. Suppose q - 42 = -5*l, 4*l + 14 - 44 = q. Give t(l).
-42
Let z = -194307 - -194318. Let s(d) be the second derivative of -d**3/6 - 2*d**2 - d. Give s(z).
-15
Let q(l) = -46*l - 199596 + 0*l + 199810 + l**3 - 40*l**2. Determine q(41).
9
Let y(d) = -3*d + 14. Let h(j) = j**2 + 13*j + 28. Let t be h(-7). Let r be y(t). Suppose -2*p - 12*p + r = 0. Let l(x) = -4*x - 3. Calculate l(p).
-19
Let i(j) = -j**3 - 7*j**2 - 7*j - 11. Suppose 8 = -5*s + 113. Let x(g) = -g**3 + 22*g**2 - 13*g - 174. Let a be x(s). What is i(a)?
-5
Let w = -578 - -590. Let x(u) = -3 + 3 - 8*u + 21*u + 9 - w*u. What is x(-16)?
-7
Let b(v) be the first derivative of 5*v**4/2 - v**3 + v**2 + v + 700. Determine b(2).
73
Let z(k) be the first derivative of -k**3/3 + 8*k**2 + 24*k + 865. Give z(17).
7
Let s(t) be the third derivative of -t**6/80 - t**5/30 - 49*t**4/6 + 4*t**2 + 3*t. Let b(j) be the second derivative of s(j). What is b(3)?
-31
Let f(k) be the first derivative of -k**2/2 - 2*k - 87. Suppose -2*d - 4 = -18. Let l = 0 - d. Determine f(l).
5
Let y(k) = 0 - 1228*k + 2502*k - 1262*k + 3. Suppose -2 = u - 2*o, -2*u = 4*o - 2 - 18. Calculate y(u).
51
Let n(q) = -333*q + 668*q - 12 + q**2 + 3 - 339*q. Let d be 9/((-810)/420 + 6/14). What is n(d)?
51
Let q be 70/(-56)*(-8)/5. Let o(p) = -75 + 4*p**q - 5*p**2 - 70 + 146. Determine o(-2).
-3
Let p(f) = -f + 0*f + 1 + 0*f - f. Suppose -2*a = a - 6, 0 = -5*d + a - 22. What is p(d)?
9
Let o(n) be the first derivative of -5*n**2/2 - 39*n - 74. What is o(-9)?
6
Let g(x) be the third derivative of -x**5/60 + 3*x**4/4 - x**3/6 + 1494*x**2. Determine g(12).
71
Let s(r) = 33*r - 12. Let i(v) = 9*v**3 - 37*v**2 - 18*v + 90. Let g be i(4). What is s(g)?
54
Let w(t) = t**2 - 10*t - 14. Suppose 3*g - 21 = -0*g. Let h(n) = -n**2 + 11*n + 15. Let u(r) = g*w(r) + 6*h(r). Suppose 56*j - 24*j = 224. Calculate u(j).
13
Let q(v) = v**2 + 7*v - 25. Let g be (12/10)/(210/(-1400)). What is q(g)?
-17
Let f(o) = 120*o + 105. Let r(w) = 9*w + 8. Let t(b) = -2*f(b) + 27*r(b). Calculate t(8).
30
Suppose -13 = -m - 2*f, 5*m - 5*f = 11 - 6. Let c(j) = -14*j**2 + 10*j - 9. Let o(z) = -5*z**2 + 3*z - 3. Let g(d) = 4*c(d) - 11*o(d). Give g(m).
7
Let w(z) = z**2 - 15*z - 19. Let l = -2248 - -2263. Calculate w(l).
-19
Let p(w) = w**2 - 5*w + 1. Let k be (-2 - 19)*1/1. Let z(o) = -2*o**3 - 42*o**2 + 3*o + 69. Let c be z(k). Calculate p(c).
7
Let r(x) = -63*x - 2. Let y(d) = -172*d - 7. Let l(w) = -11*r(w) + 4*y(w). Let i(k) = -6*k + 1. Let f be i(1). Determine l(f).
-31
Let z(w) = -2*w**2 + 31*w + 16. Let t(p) = 3*p**2 - 47*p - 28. Let y(u) = 5*t(u) + 7*z(u). Determine y(19).
-9
Suppose -58*v + 3*j = -63*v + 109, 5*v - 4*j = 158. Let y(w) = 2*w - 71. Calculate y(v).
-19
Let u be 1/(-2 - (-25)/10). Suppose -u*s = 8, 5*q - 3*s - 8 = 3*q. Let w(n) = 5 + 1 - 24*n - 3 + 27*n + 2*n**2. Give w(q).
5
Let f = 84 - 106. Let s(x) = -x - 20. Let g be s(f). Let y(t) = t**3 - 3*t**2 + t. Calculate y(g).
-2
Let b(s) = -6*s + 17. Suppose 4*o - 322 = 3*z - 312, o = -2*z - 14. What is b(o)?
29
Let t(x) = x**3 + 8*x**2 + 7*x - 8. Let d be 6/9*-1 + (-592)/3. Let p = d + 99. Let l = p + 92. What is t(l)?
-8
Let f(n) = -10*n + 27. Let s(m) be the first derivative of -6*m**2 + 26*m + 248. Let a(i) = -7*f(i) + 6*s(i). What is a(-15)?
-3
Let s(m) be the first derivative of m**4/2 - m - 4410. Let b(d) = -3*d**3 - 2*d**2 + 1. Let t be b(-1). What is s(t)?
15
Let v = 110 + -48. Let p = v + -80. Let j(f) = f + 19. Let q be j(p). Let h(g) = -6*g - 1. What is h(q)?
-7
Let z(m) = 9*m**2 + 164*m - 165. Let g be z(1). Let y(a) = -a**3 + 8*a**2 + a - 14. Calculate y(g).
-6
Suppose k = -4*k + 15. Let j(n) = -59*n + 2. Let i(b) = -104*b + 5. Let s(r) = -4*i(r) + 7*j(r). Give s(k).
3
Suppose 4*n - 15*n - 160 = -51*n. Let h(t) = t**3 - 7*t**2 + 12*t - 8. Determine h(n).
-8
Let a(r) = r**2 - 44*r + 10. Let j be ((20/4)/(-5))/(221/(-44) - -5). Calculate a(j).
10
Let c(p) = p**3 - 5*p**2 - p + 10. Let y(f) = -f - 11. Let b be y(-16). Let h(m) = 2*m**3 - 8*m**2 - 2*m + 20. Let g(a) = b*c(a) - 2*h(a). Determine g(9).
1
Let b(a) be the first derivative of 15/2*a**2 + 0*a + 1/120*a**6 - a**3 + 1/24*a**4 - 1/10*a**5 - 10. Let i(h) be the second derivative of b(h). What is i(6)?
0
Let d be (24/9 - 0)*(-2 - -5). Suppose 10*l = 9*l - d. Let z(b) = b**3 + 8*b**2 - 2*b - 11. Give z(l).
5
Suppose 164*r + 299 = 1119. Let j(m) = -m**2 + 9*m + 17. Calculate j(r).
37
Let q(d) = -91*d + 184. Let j(b) = 60*b - 125. Let t(w) = 8*j(w) + 5*q(w). Determine t(5).
45
Let o be 6/((-198)/625) + (5 - 501/99). Let x(r) = 25*r + 483. Give x(o).
8
Let x(l) = -l**2 - 13*l - 3. Let o(f) = 169*f**2 - 67 + f - 338*f**2 + 170*f**2. Let s be o(7). Calculate x(s).
19
Let l(c) = -876*c**2 + 1755*c**2 + 213 - 3*c - 880*c**2. What is l(-16)?
5
Let s(p) = 22*p + 38. Let a(b) = -21*b - 28. Let o(h) = 87*h + 113. Let q(u) = -9*a(u) - 2*o(u). Let l(d) = -7*q(d) + 5*s(d). What is l(-6)?
-22
Let w(r) = -2*r**2 + r + 1. Let c(p) = 19*p**2 - 14*p + 1. Let d(i) = -c(i) - 9*w(i). Determine d(4).
-6
Let g(r) = 6*r - 5. Let w = 765 + -761. Suppose 4*f - 3*l = 0, -15*f = -14*f - w*l + 13. Determine g(f).
13
Let g(p) = p**3 + 3*p**2 + 2*p + 1. Let v(k) = 5*k**3 + 26*k**2 + 1. Let f(x) = -6*g(x) + v(x). What is f(4)?
11
Suppose 27 = -7*f + 8*f. Let h be (-9)/f*(2 - 5). Let j(o) = 24*o**2 - o + 1. Determine j(h).
24
Let c(r) = 3*r**3 + 11*r**2 + 11*r + 13. Let u(q) = -2*q**3 - 8*q**2 - 9*q - 11. Let j(k) = -3*c(k) - 4*u(k). Give j(-3).
14
Let x(y) = -y - 1. Let u = -177 - -94. Let i = -82 - u. Determine x(i).
-2
Suppose -4*x + 5 = 101. Let g = -24 - x. Let o(y) = 230*y - 456*y - 9 + 225*y. What is o(g)?
-9
Let q(p) = 12*p**2 - p + 2. Let r = -5415 - -5413. Determine q(r).
52
Let u(i) be the third derivative of 0 + 1/120*i**6 + 4*i**2 + 1/4*i**4 - 7/60*i**5 + 4/3*i**3 + 0*i. Give u(6).
8
Let b = 24 - 31. Let x(z) be the first derivative of -1/3*z**3 - 5/2*z**2 + 9*z - 9. Determine x(b).
-5
Let a(g) = -g**2 - 14*g + 9. Let f be (-188)/18 - (1176/(-189))/14. What is a(f)?
49
Let y(h) = -h**3 - 10*h**2 + 10*h - 3. Suppose g - 168 = -5*g. Let u = g + -24. Suppose -u*k = 44 - 0. Calculate y(k).
8
Let h(k) = k + 3*k + 0 + 2. Let z be h(-2). Let q(f) = -134*f**2 + 31*f + 14. Let l(r) = -115*r**2 + 26*r + 13. Let p(c) = 7*l(c) - 6*q(c). Determine p(z).
-5
Let r(a) = 36*a**2 + 2*a - 4. Let d(s) = s**2 - 1. Let h(f) = -6*d(f) + r(f). Let u be h(-1). Suppose 12*o - u = 7*o. Let v(w) = w - 12. What is v(o)?
-6
Let z(f) be the third derivative of -f**6/720 + f**5/40 - 31*f**4/12 - 17*f**2. Let c(y) be the second derivative of z(y). Give c(4).
-1
Let o(k) = k**3 + 21*k**2 + 41*k + 59. Let d be o(-19). Let y(c) = -3 - 5903*c + 5902*c + 5 + c**d. What is y(-2)?
8
Let y(x) = 5*x - 33. Let r be y(6). Suppose -2*f - 10 = -7*f. Let d(o) = -3*o**2 - 2*o - 1. Let k(z) = -z**2 - z - 1. Let n(i) = f*k(i) - d(i). Determine n(r).
8
Let d(f) = -203*f + 80*f + 130*f + 148. Calculate d(-22).
-6
Let w(k) be the second derivative of -k**4/12 + 9*k**3/2 - 35*k**2/2 - 259*k + 1. What is w(26)?
-9
Let t(u) = 16*u**2 - 31*u - 41. Let z(s) = -7*s**2 + 14*s + 20. Let r(o) = -6*t(o) - 14*z(o). Give r(7).
-6
Let h be (-61 - -58) + (25 - 1). Suppose -h*q - 5 + 47 = 0. Let f(i) = -i**3 - 1. Determine f(q).
-9
Let u(y) be the second derivative of -y**3/3 + 3*y**2 - 1189*y. Calculate u(7).
-8
Let i(l) = -l - 1. Let c = 0 + 3. Suppose 9*v - 14*v + 25 = 0, -3*v = -n + 18. Suppose -36*j - c = -n*j. What is i(j)?
0
Let x(n) = n**3 - 21*n**2 + 22*n - 30. Let m be ((330/8)/(-11))/((-51)/272). What is x(m)?
10
Let b(z) = z**2 - z - 59. Let l be (-13 + 9)/(2/5). Give b(l).
51
Let c be (-556)/(-973)*(-7)/(-2). Let w(j) be the second derivative of 0 - j + 1/2*j**2 - 1/2*j**3 + 1/20*j**5 - 1/12*j**4. Calculate w(c).
-1
Suppose 26*m + 144 = -118*m. Let d(s) = 13*s + 14. Determine d(m).
1
Suppose 29 = 3*d - b, -3*d + 3*b + 9 = -18. Suppose 0 = -3*o - d*z + 6*z - 13, 1 = -z. Let g(w) = w**2 + w + 3. What is g(o